ine o(n).
6
Let v(z) = -6*z**3 + z**2 - z. Let q(a) be the second derivative of a**3/3 - a**2/2 - 5*a. Let h be q(1). Determine v(h).
-6
Let y(h) = -20 - h + 8 + 7 + 4. What is y(4)?
-5
Let j(o) = o**3 - 14*o**2 + o - 17. Let p be (-12 + -1 - (3 - 2))*-1. What is j(p)?
-3
Let u(o) = o + 3. Let i(n) = 2*n + 8. Let f(t) = 2*i(t) - 7*u(t). Calculate f(-4).
7
Let k(i) = -i - 5. Let l be (-4 + 2)*15/(-10). Suppose -3 = 3*f - 3*v, f - 2*v + l*v = -11. Calculate k(f).
1
Let f(i) = -10*i + 0*i**3 + 4*i + 2*i - 4*i + 7*i**2 - i**3. Let h be (-2)/(-3) + (-16)/(-3). What is f(h)?
-12
Suppose -3*c = s - 12, 0 = 4*s - 2*s + 4*c - 18. Let t be -1 + 2 - (s + -3). Let b = -1 + t. Let m(i) = -i**3 - i**2 + 7. Give m(b).
7
Let f(j) = -j**2 + 7*j + 6. Let w be f(6). Let l = -6 + w. Let g(h) = -h**2 + 7*h - 5. What is g(l)?
1
Suppose -2*w = -5*w - 15, -3*c - 2*w = -128. Suppose 5*x - 4*d - c = 0, x - 4*d = -d + 7. Suppose 2*s = 4*s + x. Let a(z) = -z**2 - 3*z + 6. What is a(s)?
-4
Let a(i) = -i**3 + 6*i**2 + 5*i - 2. Let g(n) = n**3 - 6*n**2 - 6*n + 2. Let k(b) = -5*a(b) - 4*g(b). Determine k(6).
-4
Suppose -13*y = -14*y. Let p(c) = -c**3 - c**2 + 1. Calculate p(y).
1
Let c(x) = -x - 5. Suppose 5*y + 4 = -1. Let m(w) = 4*w**3 - w**2 - w. Let z be m(y). Determine c(z).
-1
Let o(y) = -y**3 - 2*y**2 + y - 4. Let w = -80 + 77. Give o(w).
2
Let c be 1/(-3) - (-13)/3. Suppose 0 = -c*m + 2*m + 6. Let l(f) = -6 + 5 - 4*f + m*f. Determine l(3).
-4
Let q = -15 - -21. Let g(b) = -4 - 3*b + 0 + 4*b. Calculate g(q).
2
Let v(d) be the second derivative of -1/12*d**4 + 11/20*d**5 + 0 + 1/3*d**3 + 2*d - 1/2*d**2. What is v(1)?
11
Let w(a) be the second derivative of -a**5/15 + a**4/12 + a**3/6 + 2*a**2 - 2*a. Let y(k) be the first derivative of w(k). Let d = -4 - -3. Give y(d).
-5
Let s(v) = -2*v - 6. Let f be s(4). Let p = 16 + f. Let h(a) = a**2 + a + 1. Give h(p).
7
Let z(x) = -3*x**3 - 2*x**2 + x. Suppose 5*o + 25 = 0, 0*o - 5*o - 13 = 2*y. Suppose -m + 5 = 3*d, -y*d - 5*m + 15 = -d. What is z(d)?
-4
Suppose 0*a + a = 0. Suppose -f - 3*x - 9 = 0, -5*f + a*x = -x - 3. Let o(i) = -i - 6. Give o(f).
-6
Let u(q) = 5*q**3 - 1 + 2*q**2 - 6*q**3 + q - 5*q**2. Calculate u(-2).
-7
Let f = 3 - 1. Let b(v) = v. Let r be b(-5). Let y = r + f. Let o(p) = -2*p + 4. Determine o(y).
10
Let a(p) = p**3 - 11*p**2 + 9*p + 10. Let c be a(10). Let x(n) = c*n + 0*n**2 + 3*n + 2 + 2*n**2. Determine x(-3).
11
Let o(b) = 18*b**3 - 2*b - 1. Let m be o(-1). Let u = -12 - m. Let h = 9 - u. Let s(z) = z + 2. What is s(h)?
6
Let o be 0/(4/12*3). Let j(x) = -x**3 + x + 14. What is j(o)?
14
Suppose -10*g + 12 = -8*g. Let i(l) = -7 + g - 4*l + 0. Calculate i(1).
-5
Let f(l) = l**2 - 3*l + 2. Suppose 4*u = 9 + 3. Calculate f(u).
2
Let s(b) = 3*b**3 - 4*b**2 - 4*b + 1. Let a(q) = -q**3 + q**2 + q - 1. Let k(n) = -4*a(n) - s(n). Calculate k(0).
3
Suppose 3*l - 7 = -d, -l + 23 = 2*l + 5*d. Let j(x) = 2*x**3 + 2*x**2 - 2*x + 1. Calculate j(l).
3
Let y(r) = r**2 - r - 4. Let o = -5 - -2. Let w be (2/6)/(o/(-27)). Suppose -2*x - w*x = 0. What is y(x)?
-4
Let s be (-2)/4 + (-14)/(-4). Let o(u) = -3*u + 2*u + s - 4*u. Suppose 0*b - 16 = -4*b, -2*b + 14 = 3*t. What is o(t)?
-7
Let m(u) = u**3 - u**2 - u. Let o(l) = 5*l**3 - 6*l**2 - 6*l - 2. Let w(b) = -6*m(b) + o(b). Give w(-2).
6
Suppose -2*l = -4, -3*l + 14 = -c + 2*l. Let j be (2/2)/(c + 3). Let y(w) be the first derivative of -5*w**4/4 - w**3/3 - w**2/2 - w + 7. Determine y(j).
4
Let u(b) = b**2 - 4*b - 4. Suppose -3*o - o = t - 16, -4*o = 4*t - 16. Suppose -6*m + 3*m + 12 = t. Calculate u(m).
-4
Suppose -k - 3 = 0, 3*k + 4 = -4*z + 3. Suppose -z*o + 5*j + 10 = 3*j, -2*j - 10 = 0. Let p(n) = o + 1 - 2*n - n**2 + 6. Determine p(-5).
-8
Let i(s) = 9*s**3 + 13*s**2 + 11*s + 7. Let j(m) = 5*m**3 + 7*m**2 + 6*m + 4. Let n be 4/(-6) - (-315)/27. Let l(a) = n*j(a) - 6*i(a). What is l(2)?
6
Let o(w) = -w**3 + 6*w**2 - 3. Let l be o(6). Let i(s) be the second derivative of 5*s + 0 + 1/2*s**3 + 1/2*s**2. Determine i(l).
-8
Suppose 0 = -0*n + 5*n + 10. Let c be (-1)/(n/(-20)*2). Let f(b) = 3*b + 3 - 2*b - 9 + 13. What is f(c)?
2
Let j(b) = b**3 - 6*b**2 + 5*b - 1. Suppose 2 = -2*z + 12. Determine j(z).
-1
Suppose 0 = -3*s - 75 + 60. Let i(g) be the first derivative of g**3/3 + 2*g**2 - 2. What is i(s)?
5
Let x be (16 + 2)/(0 + 1). Suppose -3*z + 15 = 2*n, -n - 6 = 3*z - x. Let u(c) = 3*c + 0 - c**2 - 2 - 2. Calculate u(z).
-4
Let d(o) = -7*o - 5*o**2 + 11*o + 3*o**2 + 5. Determine d(4).
-11
Suppose 0*n + 2*n = 4. Let h(f) = -7*f - 2. Calculate h(n).
-16
Suppose -31*i + 33*i = -12. Let o(g) = -2*g - 7. Determine o(i).
5
Let j(k) = k**3 - 4*k + 16 - 9 - k**2 + 5*k. Let u(q) = -q**2 - 3*q - 2. Let o(y) = -y**3 - 2*y + 1. Let p be o(1). Let n be u(p). Calculate j(n).
7
Suppose -z = -n - 4, -3*z = z + 5*n + 2. Let c(l) be the first derivative of 0*l + 3 - l**z - 1/3*l**3. Calculate c(-3).
-3
Let c(o) = -2*o**3 + 4*o**2 - 3*o + 1. Let u = -8 - -10. Give c(u).
-5
Let x be -4 - -18 - (3 + -6). Let d = 15 - x. Let m(v) = -2*v - 2. What is m(d)?
2
Let p = -11 + 16. Let j(l) be the first derivative of 4/3*l**3 - 1/4*l**4 + 2 + 3*l**2 - l. Give j(p).
4
Let q(u) be the first derivative of -u**3/3 + 9*u**2/2 - 5*u + 11. Calculate q(8).
3
Let p(r) = 2*r**2 - 2*r + 4. Let s(c) = -5*c**2 + 6*c - 12. Let i(t) = -8*p(t) - 3*s(t). Determine i(-3).
1
Suppose -5*y + 4 + 21 = 0. Let q(x) = 9*x**3 - 10*x**2 + 7*x - 17. Let o(j) = -4*j**3 + 5*j**2 - 3*j + 8. Let v(t) = -7*o(t) - 3*q(t). Determine v(y).
-5
Suppose -n - 4*n + 15 = 0. Suppose -3*r = 3*g - 6, -6*r + r + 3 = -2*g. Let m(s) = 2 + 0 + r - 4*s**2 + 3*s**2. What is m(n)?
-6
Let h(m) = 5*m**2 - 4*m + 1. Let j(g) = 14*g**2 - 12*g + 4. Suppose -2*c + 12 = -2*l, 3*l + 24 = 4*c - 2*l. Let x(q) = c*j(q) - 17*h(q). Give x(-6).
-5
Let b(w) = -w - 2. Let u(a) be the first derivative of a**4/2 - 2*a**3/3 + a - 7. Let z be u(-1). Give b(z).
1
Let d(z) = -2*z - 2*z**2 + z + z**2 + 1 + z**3. Let l be (-36)/(-16) - 1/4. Determine d(l).
3
Let t(g) be the first derivative of -g**2/2 - 10*g - 34. Calculate t(-10).
0
Suppose -3 = -h + 4. Let r(s) = -s - h + 4 - 2. What is r(0)?
-5
Let w be 1/(-1)*((-3)/1 - -2). Let r(m) = 13*m + 1. Give r(w).
14
Let s(r) = -r**3 + r**2 - 7. Let g be 1 - (-6)/(-2) - (2 - 4). What is s(g)?
-7
Suppose -38 = -6*n - 32. Let s(b) = -3*b - 1. Calculate s(n).
-4
Let p = -15 + 10. Let x(j) be the third derivative of -1/120*j**6 + 0 + j**2 - 1/6*j**3 + 0*j - 1/12*j**4 - 1/12*j**5. Determine x(p).
9
Let r(i) = -i + 3. Let d(v) = 3. Suppose 5*z + 3*p = 59, -z + 9 = 2*p - 0*p. Let k = z - 18. Let a(y) = k*d(y) + 4*r(y). What is a(-2)?
5
Let d be (12/(-9))/((-2)/3). Suppose -3*z - d*z + 5 = 0. Let r(y) = -2*y - y**2 + 2*y + y. Calculate r(z).
0
Suppose -n = -3*n + 4. Let k(q) = 1 - q**3 + 2*q**2 - 3*q**n + 2*q - q**2. Suppose -6*t - 9 = -3*t. Calculate k(t).
4
Let r(v) = -v**3 - 4*v**2 - 3. Let p(m) = m**2 + 8*m - 3. Let t be p(-8). Give r(t).
-12
Let y(m) = 1 + 3*m + 5*m - 12*m + 3*m. What is y(-6)?
7
Let g(t) = 49*t + 47*t - 93*t. Determine g(3).
9
Let y(o) = 11*o + 1. Suppose 6 = -4*g + b, 3*b = g - 2*b + 11. Calculate y(g).
-10
Let j = 11 + -14. Let g(d) = d**3 + 4*d**2 - d. Calculate g(j).
12
Let x(b) = 2*b**2 - b - 4*b**3 - 6*b**3 + 0*b**3. Suppose 2*q - 7 = -4*y + 7, -3*y + 12 = 3*q. Calculate x(q).
-9
Let b(h) = 9*h**2 + 9*h + 1. Let r(y) = -4*y**2 - 1 - 7*y + 3*y + 1. Let j(p) = 3*b(p) + 7*r(p). What is j(3)?
-9
Let o = 67 - 65. Let g(c) be the first derivative of c**6/180 - c**5/40 + c**4/12 + c**3/3 - 2. Let j(x) be the third derivative of g(x). Determine j(o).
4
Let h be 1 - -2 - (9 - -6). Let a be ((-6)/h)/(2/(-20)). Let s(o) = o**3 + 5*o**2 + 2*o - 6. Give s(a).
-16
Let t be ((-3)/6)/((-2)/8). Let y(c) = -2*c**t - 7 + 4*c + 3*c**2 - 5*c. Let a(k) = -k**3 + 5*k**2. Let h be a(5). Give y(h).
-7
Let q(n) = 2*n - 5. Let j(g) = g**2 + 6*g - 3. Let m be j(-7). Let f(h) = -h + 3. Let x be f(3). Suppose 0 = 5*t + m*u, 2*t + x*t + 3*u + 7 = 0. Calculate q(t).
3
Suppose -3*u + 2 = -u. Suppose 3*f + 38 = 4*b + f, -4*b = 5*f - 31. Let y(m) = 3*m + 13*m**2 - 13*m + b*m. Calculate y(u).
12
Let p(t) = t**3 + 4*t**2 + t. Suppose 0 = -2*z - 2 - 6. Give p(z).
-4
Suppose 2*n + 0*n + 2*z + 6 = 0, -n = -3*z - 9. Let j be (-3)/(-6)*(n + 10)